). Suppose z - 5 = 3*v. Let j(h) = -4387*h**3 + 3*h + 2 - 4*h**2 + 4388*h**3 - 3*h. Give j(v).
-7
Suppose -5*y = 2*g - 14, 3*y = -y - g + 10. Let z(i) = -i**y + 0 - 1 + 2*i**2 + i**3. Let x(a) = 4*a - 6. Let k be x(2). What is z(k)?
11
Suppose 30 = -f + 28. Let h(q) be the first derivative of -q**3/3 - q**2 + q + 1. Calculate h(f).
1
Suppose 25*s = 24*s - 1. Let o(q) = -17*q**2 - 2*q - 1. What is o(s)?
-16
Let v(x) = x**3 + 6*x**2 - 2*x + 4. Let y = -55 + 49. Give v(y).
16
Let k be ((-18)/(-24))/((-2)/(-8)). Let x(r) = -4*r + 5*r + k*r. What is x(2)?
8
Let i(v) = -1. Let z(o) = -o**2 + 2. Let b(m) = 5*i(m) + 2*z(m). Let a(r) be the first derivative of b(r). Suppose 2*q + 2 = -0. Determine a(q).
4
Let s(k) = -k**3 - 5*k**2 - 6*k - 1. Let n(m) = -m**3 + 9*m**2 - m + 5. Let o be n(9). Let g = -3 - o. Let p be (-15)/5 + (-1)/g. Give s(p).
7
Let r(v) = -8*v - 3. Let a(d) = d + 1. Let i(h) = 6*a(h) + r(h). What is i(6)?
-9
Suppose 4 = -0*l - 2*l. Let a(j) = j - 3. Let b be a(-3). Let v = l - b. Let i(r) = 2*r - 4. What is i(v)?
4
Let z(a) be the second derivative of -a**4/12 + 4*a**3/3 + a**2/2 - 25*a. What is z(8)?
1
Suppose 8 + 12 = -5*t. Let n = t - -12. Let s(b) = 4 - n*b - 3 + 2. Calculate s(2).
-13
Let g(a) be the third derivative of -2*a**2 + 0*a + 0*a**5 + 0 - 1/24*a**4 + 1/120*a**6 + 5/6*a**3. Determine g(0).
5
Let r(o) = 2*o + 7. Suppose 5*b - 109 = 16. Suppose 3*f = -2*f - b. Determine r(f).
-3
Let w(f) = -5*f + 4*f**2 + 0 - 2 - 4 + f**3. Let p be 2/(-4)*(1 + 9). Determine w(p).
-6
Suppose 17 = 3*n + c, n - 2*n + 5*c - 5 = 0. Suppose 0 = 2*i + n*z + 31, 22 = -5*i - 3*z - 8. Let q(r) = -r**3 - 3*r**2 - 2*r - 4. What is q(i)?
2
Let l(i) = i**3 + 7*i**2 - 2*i - 2. Suppose 2*j = 5*b + 43, 2*b + b + 4*j + 5 = 0. Determine l(b).
12
Let n(d) be the first derivative of d**3/3 - 3*d**2/2 - d - 18. Determine n(4).
3
Let t(x) = -7*x + 1. Let r(s) = -3*s + 1. Let b(y) = -5*r(y) + 2*t(y). Give b(-6).
-9
Let r(z) = -5 + 5 + z + 55*z**3 - 56*z**3. What is r(0)?
0
Let u(t) be the first derivative of t**6/120 - t**5/20 + t**4/8 - t**3/6 + 3*t**2/2 - 4. Let s(z) be the second derivative of u(z). Determine s(3).
8
Let p(b) = -9*b - 1. Suppose 3*g = 2*l - l + 7, 17 = 5*g + l. Let m be 3/9*g*1. Calculate p(m).
-10
Let j(r) = r**2 + 3*r + 1. Let f be j(-3). Let y(v) = -5*v**2 - v + 6. Let l(t) = 6*t**2 + t - 5. Let a(i) = -5*l(i) - 4*y(i). Calculate a(f).
-10
Let y(u) = u**2 + 5*u - 1. Suppose 1 = 3*r - q - 8, 3 = 3*r + q. Suppose -10 = 3*m + r. Calculate y(m).
-5
Let h(b) = 4*b - 5*b - 3*b**2 - 2*b + 4 + 4*b**2. Give h(4).
8
Let f(b) = -5*b - 2 + 6*b - 2*b**3 + 1. Let p(h) = h**2 + 2*h. Let m be p(-2). Suppose -2*w = -2 - m. What is f(w)?
-2
Let b(g) be the third derivative of g**4/24 + g**3/3 - 8*g**2. Calculate b(-5).
-3
Let t(x) = -2*x**2 + 5*x - 3. Let n = -39 + 42. Give t(n).
-6
Let h(c) = 3*c + 9. Suppose -9*w = 48 + 15. What is h(w)?
-12
Let y = -4 - -5. Suppose -2 = -p - y. Let j(f) = 6*f + 1. What is j(p)?
7
Let h(i) = -3 + 1266*i - 1268*i + 2. Suppose 5*k - 2*f = -23, 4*k + 23 = 4*f + 7. Calculate h(k).
9
Let r = 2089/12 + -174. Let w(p) be the third derivative of -r*p**4 - 5/6*p**3 - p**2 + 0 + 0*p. Calculate w(-4).
3
Let t = -17 - -25. Suppose -2*x + 0 - t = 0. Let r(d) = d + 8. Give r(x).
4
Let r(c) = -c**2 + 5*c - 4. Let m be r(5). Let l(n) = 4 - n + 1 + 6*n + n**2. Calculate l(m).
1
Let z(g) be the second derivative of g**3/3 - g**2 - 25*g. Determine z(7).
12
Suppose -3*n = 2*n - 10. Let h be 4*n/2 + 0. Let o(x) be the second derivative of x**4/12 - x**3/2 - x**2/2 + x. Determine o(h).
3
Let b(l) = -619*l - 3 + 619*l - l**2. Give b(-4).
-19
Let u(p) = p + 6. Let z be u(-7). Let g(c) = -6*c**2 - c. Let m be g(z). Let y(s) = 9*s - 11. Let b(d) = 14*d - 17. Let h(v) = m*b(v) + 8*y(v). What is h(-3)?
-9
Suppose -80 = 5*h + 11*h. Let g(w) = -2*w - 4. Determine g(h).
6
Let i be (14 - 11)*(-5)/(-3). Let t(c) = c**3 - 5*c**2 - 2*c + 2. What is t(i)?
-8
Suppose 2*r + 33 = 5*r. Let w be -2 + 0 + 6 - 1. Suppose 0 = -w*q - 2*a - r, a + a = -5*q - 21. Let i(x) = x**2 + 2*x - 7. What is i(q)?
8
Let q(d) = -d**3 + 7*d**2 - 7*d - 5. Let i(j) = 2*j - 8. Let p be i(7). Give q(p).
-11
Let d(x) be the second derivative of -x**5/20 + 3*x**3/2 - 5*x**2/2 - 2*x. Let b(n) = -n**2 + n - 1. Let u(w) = -3*b(w) + d(w). Give u(4).
6
Let w(r) = -r**3 - 3*r**2 - 3*r - 2. Let d(o) = o + 8. Let b be d(-5). Suppose 5*p - p - 8 = 0, -4*s + b*p = 14. Determine w(s).
0
Let l(o) = o**3 - o**2 + 1. Let r(w) = 6*w**3 - w**2 + w + 6. Let q(m) = -5*l(m) + r(m). Let x(y) = 2*y. Suppose j + 4 = 3. Let c be x(j). Give q(c).
7
Suppose 21 = 3*c - 5*p, -5*p - 11 - 4 = 0. Let s(a) = -1 + a + 2 - 2*a**2 + a**3 - c*a**3. Determine s(-3).
7
Let v(f) = -5*f**2 + 4*f - 6. Let r(h) be the third derivative of 7*h**5/30 - 13*h**4/24 + 17*h**3/6 + 7*h**2. Let t(n) = -4*r(n) - 11*v(n). What is t(8)?
-2
Let c(h) = 2. Let g(p) = 3. Let m(r) = 5*c(r) - 3*g(r). Let l(b) = 4*b + 4. Let f(w) = -l(w) + 6*m(w). What is f(-3)?
14
Let p(d) = d + 17. Let v(f) = -f**3 + f**2 + 8. Let s be v(3). Calculate p(s).
7
Let i = -7 - -9. Let x be 3/2*i/3. Let m(l) = 4*l**2 - 1. Give m(x).
3
Let b = 10 - 12. Let f = b - -4. Let x(d) = d**2 - d - 1. Determine x(f).
1
Let k(x) = 3*x + 11. Let a(n) = n + 6. Let c(o) = 5*a(o) - 3*k(o). What is c(-3)?
9
Let u(y) = -6 - 2*y**2 + y + 2*y + y**3 + 5. Let i(l) = l + 3. Let d be i(-4). Let p = 3 + d. Give u(p).
5
Let k(w) be the second derivative of w**4/12 - w**3/2 + w**2 - 46*w. What is k(3)?
2
Let b(l) = l**2 - 3*l - 1. Let a = -3 + 1. Let q be (-4)/(-1 - (a - -2)). Suppose 4*m + y - 8 = 0, 4*m - 16 = q*y + 12. What is b(m)?
-1
Let w(x) = -x**3 + 7*x**2 - 8*x + 5. Suppose -v + 26 = -0*v + 5*p, 4*v - 32 = -2*p. Determine w(v).
-7
Suppose 2*j - 6 = 4. Suppose 5*q - 15 = -k + 6*k, -j*k - 29 = 2*q. Let w(m) = -3*m**2 - 2*m - 3. Determine w(q).
-11
Let b(c) = -c**3 - 4*c**2 - 2. Suppose 0*g = 4*g. Suppose m - 3*d = d + 24, -2*m + 5*d = -33. Suppose g = m*k + 17 - 1. Calculate b(k).
-2
Let k(r) = -r + 8. Let v be k(10). Let s be 1/(2*(-2)/(-28)). Let j(n) = n + 1. Let t(z) = -3*z - 3. Let d(u) = s*j(u) + 2*t(u). Determine d(v).
-1
Let u be 1/((-11 - -13)/(1 - -3)). Let s(g) be the first derivative of g**4/4 - 2*g**3/3 - 3*g**2/2 + 3*g - 1. Let l be s(u). Let a(j) = -4*j - 3. What is a(l)?
9
Let h(b) = -b**3 + 2*b**2 + 1. Let t be -2*(-2 - (-10)/4). Let y(s) = -s**3 + s**2. Let f be y(t). Calculate h(f).
1
Let f(i) be the first derivative of i**3/3 - 7*i**2/2 + 9*i + 21. Calculate f(6).
3
Let b(r) be the first derivative of -r**2/2 - 4*r + 8. What is b(-7)?
3
Let j be 3/8*(1 - (-2)/(-6)). Let w(v) be the first derivative of 3*v + 0*v**2 - j*v**4 + 3 - 1/3*v**3. Calculate w(0).
3
Let t(r) = -r**3 + 6*r**2 - 6*r + 6. Suppose -6*k + 4*k - 4 = -2*n, 4*n + 2*k - 8 = 0. Suppose -5*y = -5*g + 10, n*g = 5*g - 5*y. Calculate t(g).
1
Suppose 5*p - 3*n - 24 = 2*p, 0 = 5*p + 2*n - 5. Let u(j) = -2*j**2 + 3*j + 4. Give u(p).
-5
Let j(o) be the second derivative of o**3/6 - o**2 - 2*o. Suppose 0*p + 21 = -4*d - 3*p, -d - 10 = -4*p. Determine j(d).
-8
Suppose -3*s - 1 = -4*s. Let z(j) = -4*j**2 - 8*j - 5. Let d(p) = p**2 + p + 1. Let w(h) = s*z(h) + 5*d(h). What is w(3)?
0
Suppose 5*i - 5 = -2*j, 3*i - 2*i - 8 = j. Let b(k) = 3*k + 0*k + k - 4 - 5*k + k**2. Calculate b(i).
2
Let t(l) = l**3 + 3*l**2 - 2*l + 1. Let i(h) = 3*h + 2. Let f(b) = -b**2 + 2*b + 1. Let x be f(-1). Let r be i(x). Calculate t(r).
-7
Let c(i) = -2*i. Let j be c(-1). Let y(g) = 1 - 3 - j*g + 1. What is y(-1)?
1
Let o(j) = -j**2 + j. Let n(m) = m**2 - m + 2. Let d(u) = -n(u) - 2*o(u). Let z(f) = -3*f**2 + 2*f**2 - 11*f + 2*f**2 + 10. Let q be z(10). Calculate d(q).
-2
Let l(g) = 2*g**2 - 13*g - 17. Let k(p) = p**2 - 7*p - 9. Let v = -8 + 1. Let u(b) = v*k(b) + 4*l(b). Determine u(5).
5
Let h(p) = -1. Let s(i) = -4*i - 6. Let r(a) = 2*h(a) - s(a). Let y(m) = -2*m - 2. Let z(v) = -4*r(v) - 9*y(v). Determine z(-3).
-4
Let b be (-100)/16 + (-2)/(-8). Let r(o) = o + 5. Calculate r(b).
-1
Let m(z) be the first derivative of -7*z**4/4 - z**3 - z**2 - 6*z + 2. Let s(o) = -4*o**3 - o**2 - o - 3. Let q(x) = -3*m(x) + 5*s(x). What is q(-3)?
9
Let n = -54 - -37. Let v(s) = 89*s - 126. Let g(t) = -18*t + 25. Let w(a) = 11*g(a) + 2*v(a). Le